3 = -2*m + n. Let q = m + 2. Calculate the remainder when q is divided by (-2)/3 + 8/3.
0
Let b(z) = z**2 + 8*z + 17. Calculate the remainder when 28 is divided by b(-7).
8
Suppose -2*u + 5*x = -52, 0*u = -4*u - 4*x + 132. What is the remainder when u is divided by (-11)/(-1)*(1 + 0)?
9
Suppose -a + 4 = a. Let y = a + 26. Calculate the remainder when y is divided by 176/18 + (-2)/(-9).
8
Let o(t) be the second derivative of t**4/12 - 4*t**3/3 - 9*t**2 - 4*t. What is the remainder when o(13) is divided by 16?
15
Suppose 2*u = -5*l - 1, 2 = -0*l + 2*l. Let h = 15 - 12. What is the remainder when (-1)/(-1) + (-21)/u is divided by h?
2
Suppose 31 = q - z, -3*z - 3 + 70 = 2*q. What is the remainder when 92 is divided by q?
28
Let z be 24/60 + 406/10. Suppose -45 = -4*v - 145. Let f = v + z. Calculate the remainder when 47 is divided by f.
15
Suppose 2*l = -0*l. Suppose 2*v + 3*v - 35 = l. What is the remainder when 11 is divided by v?
4
Let b be (-6)/(-15) - 48/(-5). Let s(w) = -w. Let d be s(2). Let v = b + d. Calculate the remainder when v is divided by 3.
2
Let x = 10 + -9. Suppose -4*i + 11 = -25. What is the remainder when (-5 - -2)/i*-3 is divided by x?
0
Let o be ((-9)/6)/(2/(-4)). Let g = 11 + -7. What is the remainder when (-1 + 0)*-2*o is divided by g?
2
Suppose -73*s + 55 = -68*s. Calculate the remainder when 52 is divided by s.
8
Let v be 0 + 0 - (0 - 2). Calculate the remainder when 34 is divided by 13 - (0/v - -1).
10
Let x = 25 - 15. What is the remainder when 38 is divided by x?
8
Suppose -m = -0*m + 2*f - 3, -4*f = -4*m + 24. Calculate the remainder when m is divided by (-1)/1*2*-2.
1
Let d = 2 - 6. Let y(v) = v**2 + v - 4. What is the remainder when 22 is divided by y(d)?
6
Let b(p) = p**2 + 2*p - 3. Suppose j - v = 3*v - 17, -2*j - 3*v - 1 = 0. Let w be b(j). Suppose 4*o - w = 3*o. Calculate the remainder when 35 is divided by o.
11
Let f = 94 + -79. Calculate the remainder when 24 is divided by f.
9
Let f = 43 - 13. What is the remainder when f is divided by 8?
6
Let a = 15 - 10. Suppose 40 = 5*u - 4*p - p, 0 = -5*u - 3*p + 72. Let f = u - -2. Calculate the remainder when f is divided by a.
4
Suppose u = v - 52, 6*u + 48 = v + 3*u. Calculate the remainder when v is divided by 11.
10
Suppose 1 = 2*m - 5. What is the remainder when 3*(m + 0 + 12) is divided by 23?
22
Let f(b) = b**3 - 16*b**2 + 16*b + 10. Let a be f(15). Suppose 4*c + 0*c - 7 = -w, -a = 5*w. What is the remainder when c is divided by 3?
0
Let o = 128 - 89. Suppose 19 = 3*m + 5*y, 2*m + 0*y - 30 = y. What is the remainder when (-2)/((-4)/(-2)) + o is divided by m?
12
Let q(c) = -c + 13. What is the remainder when q(10) is divided by 1?
0
Suppose -8 = 6*f - 86. What is the remainder when f is divided by 5?
3
Suppose 0 = -5*m + 3*c + 235, 6*m - 5*m - 47 = -2*c. Calculate the remainder when m is divided by 12.
11
Suppose 4*p + 4*w = 3*w + 3347, 3*w - 9 = 0. Calculate the remainder when (-24)/(-60) - p/(-10) is divided by 29.
26
Suppose 100 = -2*t + 6*t. Suppose 9*o + 194 = 11*o. What is the remainder when o is divided by t?
22
Suppose 0*q + 30 = q - u, -80 = -4*q - 4*u. What is the remainder when q is divided by 9?
7
Let y(d) = -d + 13. Let n be y(8). Let v be (-1 - (-14)/8)*-4. What is the remainder when (-12)/2*n/v is divided by 6?
4
Let h(u) = u**3 + 13*u**2 - 16*u - 13. Calculate the remainder when 33 is divided by h(-14).
3
Let n(o) = o**3 + 4*o**2 - 7*o - 5. Let z be n(-5). Suppose 0 = -8*i + z*i + 87. What is the remainder when i is divided by 10?
9
Let o(k) = -k**3 - 5*k**2 + 3*k - 6. Let f be o(-6). Calculate the remainder when 39/(-4)*(-32)/f is divided by 14.
12
Let r(k) = k + 32. What is the remainder when 91 is divided by r(-13)?
15
Suppose -3*v = 2*v + 35. Calculate the remainder when 41 is divided by (3 + v)/((-4)/14).
13
Let a = 23 - 11. Let z = 31 - 9. Calculate the remainder when z is divided by a.
10
Let p = 28 - 15. Calculate the remainder when 115 is divided by p.
11
Let a = -4 - -13. Suppose 3*y = -0*y + a. What is the remainder when 6 is divided by y?
0
Let v(w) = 2*w - 1 + w - 4*w. Calculate the remainder when 19 is divided by v(-6).
4
Let w(c) = -c**2 + 12*c - 13. Let a be w(11). Let y(p) = -3*p. Calculate the remainder when 28 is divided by y(a).
4
Suppose p + z - 33 = 39, 5*p = -4*z + 363. What is the remainder when p is divided by 43?
32
Let z(m) = -2*m**3 - 3*m**2 + m + 5. What is the remainder when 32 is divided by z(-2)?
4
Let a(q) = -q**2 - 11*q - 13. Calculate the remainder when 85 is divided by a(-7).
10
Suppose 0 = -17*t + 14*t - 222. Calculate the remainder when -3*t*(-2)/(-12) is divided by 20.
17
Let d(y) = -5*y - 21. Calculate the remainder when d(-17) is divided by (-4)/(-7) - 460/(-28).
13
Let m(n) = n**3 - 3*n**2 + 2*n + 2. Let l be m(2). Let x = 84 - 29. Calculate the remainder when x is divided by 844/44 + l/(-11).
17
Suppose 13 = 3*h + 85. Let j = 3 - h. Suppose b - 4*n = 26, -3*b + 5*b - 5*n = 43. What is the remainder when j is divided by b?
13
Suppose -4*p + 27 = -113. Calculate the remainder when 102 is divided by p.
32
Suppose 0 = -4*n - 4*f + 76, 5 = n + 5*f - 10. What is the remainder when 36 is divided by n?
16
What is the remainder when 12 is divided by (-3)/(3/(-4)*1)?
0
Let c be 2*(7/2 + -2). Suppose 0 = i, -4*o - c*i = -i - 8. Suppose -o*m = -0*m - 38. Calculate the remainder when m is divided by 7.
5
Let l = 7 + -5. Suppose 0 = -l*n - n + 51. What is the remainder when 49 is divided by n?
15
Suppose 12 = -3*w + 7*w. Suppose 3*r = w*a + 48, 0*r = -4*r - 5*a + 82. Suppose 11 = 3*f - 19. Calculate the remainder when r is divided by f.
8
Let f(d) = -d**3 - d**2 + 8. What is the remainder when 22 is divided by f(0)?
6
Suppose 5*t + 3*s = 45, -t + 4*s = 8 + 6. Suppose -4*q + t*q = 30. What is the remainder when q is divided by 6?
3
Let t be 5/(15/(-2))*-6. What is the remainder when 35 is divided by -2 + 14/(t + -3)?
11
Let n = 61 - -41. Suppose 90 = 5*g + 3*i - 8*i, 4*g + 2*i = n. Calculate the remainder when g is divided by 8.
7
Let b(t) = t**3 - 3*t**2 + t - 1. Suppose 0 = -2*p + 10, 0*w = -2*w - 3*p + 23. Suppose 5*j = 201 - 21. What is the remainder when j is divided by b(w)?
17
Let d be (-3 + 1)*7/(-7). Suppose x = 5*p + 12 + 17, d*p = 2*x - 58. What is the remainder when x is divided by (-2)/(-8) - 78/(-8)?
9
Suppose 0 = -5*k - 10, 0 = -v - v + 2*k + 12. Suppose -4*f + 3*o + 82 = 0, -v*o - o + 66 = 4*f. Calculate the remainder when 36 is divided by f.
17
Let o(f) = -f**3 + f**3 + f - 7*f**2 - f**3 + 2*f**3. What is the remainder when 13 is divided by o(7)?
6
Suppose -3*j - 21 = 4*l, 4*l - l = 5*j + 35. Let f = j - -13. Let u = f - -21. What is the remainder when u is divided by 14?
13
Let d = 100 - 27. Let a(v) = 20*v**3 - v**2 + v - 1. Calculate the remainder when d is divided by a(1).
16
Let c(q) = -q + 10. Calculate the remainder when c(8) is divided by -2 - 2/((-6)/9).
0
Suppose 3*t = -0*t + 72. What is the remainder when 68 is divided by t?
20
Suppose 3 = 3*m - 9. Calculate the remainder when 10 is divided by m.
2
Suppose -5 = j + 26. Let f = j + 44. Calculate the remainder when 50 is divided by f.
11
Let d(q) = -q**3 + q**2 - q + 1. Let a be d(0). Suppose -4*z - a = -73. Calculate the remainder when z is divided by 5.
3
Let n(d) = 9*d - 13. What is the remainder when 126 is divided by n(5)?
30
Suppose 3*n + 4*p = 16 - 1, 5*n - 25 = -p. Calculate the remainder when 19 is divided by n.
4
Suppose 47 = 5*c - 108. Let m = -22 + c. Calculate the remainder when 17 is divided by m.
8
Suppose 3*d + 2 = -1. Let v = 14 + d. Let h = 90 - 54. Calculate the remainder when h is divided by v.
10
Let u(h) = -h. Calculate the remainder when 4 is divided by u(-3).
1
Let m(w) = -4 + 3*w**2 - w**2 - 5*w - 3*w**2. Let i be m(-4). Suppose i*o = -o + 11. What is the remainder when o is divided by 6?
5
Let r(c) = -14*c**2 + 4*c - 1. Let y be r(1). Let w(u) = 21 + u - 5 + 1. What is the remainder when 11 is divided by w(y)?
5
Let k = -8 + 10. Calculate the remainder when ((-2)/(-4))/(2/4) is divided by k*1/4*2.
0
Calculate the remainder when 63 is divided by ((1 - 1) + -2)/(1/(-8)).
15
Let v(r) = 16*r - 7. Let d be v(-5). Let h = -9 + 5. Calculate the remainder when d/(-12) - (-1)/h is divided by 3.
1
Let f = 132 - 73. Suppo